*c = u, 2*q = -c + 36. What is the remainder when q is divided by 8?
4
Let j be (510/8)/17*88/6. Suppose 5*h = -2*q + 219, 4*q - 200 - 249 = h. Let d = q - j. What is the remainder when d is divided by 30?
27
Suppose 2030 + 573 = 65*j + 263. Calculate the remainder when 37 is divided by j.
1
Let t(m) = -51*m + 1286. Calculate the remainder when 12581 is divided by t(25).
8
Suppose -5*g + 11742*j = 11738*j - 131, 77 = 5*g + 2*j. Let o be 5/(-2)*8/(-10). Suppose -o*z - 159 = -5*z. What is the remainder when z is divided by g?
15
Let f = 8 - 3. Suppose f*t - 114 = 266. Calculate the remainder when t is divided by (24/(-15) - -4)/(6/(-8))*-5.
12
Suppose 4*h - 612 = -4*q - 200, -3*q + 297 = -h. What is the remainder when 110 is divided by q?
10
Let j = -3501 + 3707. Calculate the remainder when j is divided by 61.
23
Suppose 0 = -3*f + 662 + 250. Suppose 2*x - 146 - f = 0. Suppose k = -4*k + x. What is the remainder when k is divided by 12?
9
Let r(p) = p**3 - 27*p**2 - 3*p - 53. Let a be r(27). Let o = a + 166. Calculate the remainder when o is divided by 19.
13
Let u = 1308 - 672. Let w = -602 + u. What is the remainder when 127 is divided by w?
25
Let o(a) = -a + 2. Let w be o(-1). Let g be (20/(-5) + w)/((-2)/(-6)). Let q = g - -5. Calculate the remainder when 8 is divided by q.
0
Let a(c) = -8*c**3 + 3*c**2 - 2*c - 5. Let o be (-20)/8 - (-45)/30. Calculate the remainder when 42 is divided by a(o).
2
Let d(l) = l**3 - 131*l**2 - 123*l - 1123. What is the remainder when 207 is divided by d(132)?
12
Suppose -8619 = 659*k - 698*k. Suppose 2*x + 2 = -q - 0*q, 4*x = -20. What is the remainder when k is divided by q?
5
Suppose -213*o - 110 = -203*o. Suppose 4*m = -m + g + 265, 0 = 2*g. Calculate the remainder when m is divided by 276/33 + 4/o.
5
Let p = 83 - 79. Suppose 1070 = 4*w - 2*c + 4*c, p*w - 5*c - 1035 = 0. Let n = w + -140. What is the remainder when n is divided by 32?
29
What is the remainder when 160 is divided by 3 + (-2496)/(-84) - (-5)/(-7)?
0
Suppose 90*a + 3*i + 6555 = 92*a, i - 1 = 0. Calculate the remainder when a is divided by 3.
0
Let n(i) = -40*i - 13. Suppose 2*k + 5*r = 494, 2*k + r = 533 - 47. What is the remainder when k is divided by n(-1)?
26
What is the remainder when ((-92)/322 - (-30263)/7) + -11 is divided by 270?
262
What is the remainder when 2897 is divided by (-116)/261 - (-484)/36?
11
Let m = 18 + -11. Suppose h - 140 = -19*h. Suppose -6*x - 27 = -h*x. What is the remainder when x is divided by m?
6
Suppose -52*g = -4*y - 56*g + 5656, 4*g + 5704 = 4*y. Calculate the remainder when y is divided by 138.
40
Let c(m) = m + 8. Let q = 76 + -83. Let b be c(q). Suppose 0 = u + b - 63. Calculate the remainder when u is divided by 22.
18
Let s be (-22)/(-8) + 4/16. Let g(t) = 4*t**2 + 4*t. Suppose 2*d = -3*c + 210 + 59, 0 = d - 4*c - 162. What is the remainder when d is divided by g(s)?
46
Let f = 87 + -82. Let l(p) = p**2 - 5. Let a(k) = k**3 + 10*k**2 + 11*k + 5. Calculate the remainder when a(-7) is divided by l(f).
15
Suppose -350 = -2*b - 2*z, -3*z = -0 + 9. Let f = -73 - -105. Calculate the remainder when b is divided by f.
18
Let a(i) = 4*i + 47. Let d be a(-12). Calculate the remainder when ((-19)/(-2)*d)/(1/(-6)) is divided by 23.
11
Calculate the remainder when 1/2 - (-15)/(-6)*8034/(-130) is divided by 91.
64
Let i(h) = 3*h**2 + 2*h. Let o be i(-3). Suppose -o = -5*j + y, 0*y - 5*y + 15 = -j. Calculate the remainder when (-3)/(-24)*-2 - (-1)/(12/291) is divided by j.
4
Suppose -23693*d + 4780 = -23683*d. Calculate the remainder when d is divided by 40.
38
What is the remainder when 85 is divided by 6696/135 - 15/25?
36
Suppose 124*u - 21054 = -231*u - 8*u. Suppose -c = -5*t + 83, 0 = 3*c + 2*c + 15. Calculate the remainder when u is divided by t.
10
Calculate the remainder when 355 is divided by 387*2/36*2.
11
Suppose 0*u - 5*u + 25 = -5*h, -u = 4*h - 5. What is the remainder when (-4 - h) + (174 - -8 - 4) is divided by 35?
34
Suppose 24*b - 2*b + 378 = 43*b. Calculate the remainder when 116 is divided by b.
8
Let i = 58 + -52. Suppose -7*m - 156 = i*m. Let q = m - -16. What is the remainder when q is divided by 4?
0
Suppose z + q + 3 = 0, z - 2*q = 4*z + 11. Let y(f) = 4*f**2 + 14*f + 6. Calculate the remainder when 70 is divided by y(z).
34
Suppose -q - 5*i = -12, 0 = i + 1 + 2. Calculate the remainder when 5/485 - 211257/(-873) is divided by q.
26
Suppose -11*v + 602 = -311. What is the remainder when 736 is divided by v?
72
Calculate the remainder when 1333 is divided by 1670/130 - 9/((-117)/2).
7
Calculate the remainder when 10569 is divided by 1/13 - (-48)/(-1560)*-355.
9
Suppose -92*i = -87*i - 20. Let c = 1 - -3. Suppose -3*m + c*f = 3*f - 144, -192 = -4*m + i*f. Calculate the remainder when 191 is divided by m.
47
Let y = -12723 - -12758. Calculate the remainder when 462 is divided by y.
7
Let u(d) = -59*d + 2027. What is the remainder when u(-54) is divided by 116?
109
Suppose 3*u = -0*u - 3*o + 42, 0 = 5*u - 3*o - 62. Suppose 1037 = -224*f + 2605. Calculate the remainder when u is divided by f.
6
Suppose 9*q - 1155 = -201. Let z = -27 + 65. Calculate the remainder when q is divided by z.
30
Suppose -4 = -k + 3*k. Calculate the remainder when ((-27)/6)/(((-3)/45)/((-54)/(-135))) is divided by (0 - k)/(-1) + 10.
3
What is the remainder when 13/((-7)/(-35399)*13) is divided by 18?
17
Let z be (15/9)/((-5)/(-15)) - 3. Suppose -2*f + 45 = -4*w + 3*w, -3*f - z*w = -85. Calculate the remainder when 524 is divided by f.
24
Suppose -5*n + 257 = -2*f, -7*f = n - 11*f - 37. Let c be 8 - (-2)/(2/(-3)). Suppose 0 = c*z - 166 + 26. What is the remainder when n is divided by z?
25
Suppose 4*v = 582*q - 577*q - 171, -4*v - 109 = -3*q. Let r be 4/2 - (0 + 2). Suppose r = d - 5 - 6. What is the remainder when q is divided by d?
9
Let l = 89 - 49. Suppose l = 5*o + 320. Let i = -22 - o. What is the remainder when i is divided by 10?
4
Let z(n) = -96*n**3 + 10*n**2 + 6*n - 2. What is the remainder when z(-2) is divided by 119?
80
Let x = 676 + -659. Calculate the remainder when 67 is divided by x.
16
Let w(p) = 10*p + 31. Suppose -2*b = 2*b - 16. Suppose k = -1 + b. What is the remainder when k is divided by w(-3)?
0
Suppose 0 = 3*f + 5*m - 2 - 3, 4*f - 30 = -2*m. Let r(u) = u**3 - 8*u**2 - 17*u - 11. Calculate the remainder when 27 is divided by r(f).
8
Let s(m) = m**2 - m - 145. Let r be s(0). Suppose -2*o + 2 = 0, -5*c - 5*o + 79 = -81. Calculate the remainder when c is divided by (-2)/3 + r/(-15).
4
Let b(c) = 17*c**2 - 491*c - 2441. Calculate the remainder when b(-5) is divided by 28.
19
Calculate the remainder when 66 is divided by 680/(-24)*(-21)/35.
15
Suppose y - 14*y = -65. What is the remainder when 3758/y - ((-160)/25 - -6) is divided by 12?
8
Let k = -442 - -458. Suppose -3*m + 418 = k*m. What is the remainder when 415 is divided by m?
19
Suppose 3*x - 12 = 0, -5*l - x + 472 = -342. Let h = 174 - l. Calculate the remainder when 153 is divided by h.
9
Suppose 0 = 188*j - 27647 + 3583. What is the remainder when 206 is divided by j?
78
Suppose -9*l + 37 = 298. Suppose -7 = -4*g + 1. Calculate the remainder when 143 is divided by g + 4 + (1 - l).
35
Suppose -3*h = 3*z - 21, -2*z = 5*h - 7 - 34. Suppose -5*q - 3 = 7. Calculate the remainder when (-4)/((-8)/(-3)) - 55/q is divided by h.
8
Let w be -3 + -56 - (-6 + 5). Let k = -216 + 345. Let i = w + k. Calculate the remainder when i is divided by 19.
14
Let a = -13194 + 13263. Calculate the remainder when 117 is divided by a.
48
What is the remainder when 531905/2508 + 1/(-12) is divided by 116?
96
Suppose 0 = -5*m - q + 102, -q - 78 = -5*m + 30. Calculate the remainder when 25 is divided by 480/m + 9/63.
2
Suppose -67*o - 1280 = -107*o. What is the remainder when 1052 is divided by o?
28
Suppose 56 = 2*j + 4*v, 0 = -2*v - 217 + 231. Calculate the remainder when 10316 is divided by j.
12
Suppose -911518 + 4374163 = -41*a + 226*a. Calculate the remainder when a is divided by 180.
177
Suppose -781 + 6439 = 14*r + 9*r. Calculate the remainder when r is divided by 37.
24
Let r(z) = 61*z + 4. Suppose -2*t + 38 = 2*j, 2*t + 4*j - 10 = 32. What is the remainder when r(1) is divided by t?
14
Let w(d) = 10*d**2 - 3*d + 4*d + 2 + 13*d**2 - 2*d**2. Suppose 3*f - 64 = -